 61, -5*j + 5*c + 55 = 0. What is the remainder when 43 is divided by j?
13
Suppose d = -5*i + 77, 3*i - 32 = 4*d + 28. Calculate the remainder when 61 is divided by i.
13
Let z be 2/6*0 - 0. Suppose z*w + 2*w - a = 72, 0 = -5*w + 2*a + 179. Let o = 0 + 18. Calculate the remainder when w is divided by o.
17
Suppose z - 24 = -2*z. Calculate the remainder when (-106)/(-8) - 1/4 is divided by z.
5
Let g(y) = 2*y + 10. Let w be g(-8). Let m(n) = n**3 + 5*n**2 - 8*n + 5. Calculate the remainder when 67 is divided by m(w).
16
Let v(i) = -i + 17. What is the remainder when v(7) is divided by 4?
2
Let i(y) = -y**2 - 9*y - 4. Let t = 6 + -3. Suppose 1 = -t*z + 25. Calculate the remainder when i(-6) is divided by z.
6
Suppose 12 = 4*k, -2*k = -3*s - 0*k + 18. Calculate the remainder when 27 is divided by s.
3
Suppose -12*t + 19*t = 210. Calculate the remainder when t is divided by 7.
2
Let g = -8 + 14. Let l(b) = -6*b - 7. Calculate the remainder when l(-3) is divided by g.
5
Let z = -85 - -145. Calculate the remainder when z is divided by 16.
12
Suppose 0 = -k - 4*j - 1, 2*k + 9*j - 1 = 4*j. Calculate the remainder when 11 is divided by k.
2
Let s be (-11)/22 - 6/4. What is the remainder when 63 is divided by 21/1 - s/2?
19
Let r(t) = t**2 + 2*t - 7. What is the remainder when 50 is divided by r(4)?
16
Let w = -6 + 9. Let i = w + 2. Suppose -29 = -m + 2*q, 154 = i*m - q + 27. Calculate the remainder when m is divided by 7.
4
Let b(l) = -l**3 - 5*l**2 - l. Let i be b(-5). Suppose -i*o + 4*v + 1482 = 0, -2*v = -o - 3*v + 291. Calculate the remainder when o/9 + (-2)/3 is divided by 11.
10
Let q(f) = 3*f**2 - 2*f. Calculate the remainder when 46 is divided by q(-2).
14
Let q be (-7)/((2/1)/4). What is the remainder when q/12*-2*9 is divided by 12?
9
Let i(a) = 9*a - 1. Calculate the remainder when 39 is divided by i(1).
7
Let d(r) = 2*r**2 + 4*r - 3. What is the remainder when d(-4) is divided by 5?
3
Calculate the remainder when 35 is divided by -2*(-2)/4*(51 - 42).
8
Let c(z) = 4*z**2 + 8*z + 14. What is the remainder when c(-2) is divided by 3?
2
Let s be (3 + 0)*15/9. Suppose 10 = -3*m + s*m. Let n = -10 - -24. What is the remainder when n is divided by m?
4
Let h = 0 - -34. What is the remainder when h is divided by (4 - 3)*-6*(3 - 5)?
10
Suppose 0 = -6*k + 78. Let a = 10 + -6. Suppose 0 = 5*d - a - 121. What is the remainder when d is divided by k?
12
Let q = 153 + -79. Suppose 15 - 96 = -2*x - 5*h, -3*x + 2*h = -q. Calculate the remainder when 82 is divided by x.
26
Suppose 2*h = -10 - 14. Let i = 35 + -19. What is the remainder when (-1)/(-4) + (-369)/h is divided by i?
15
Suppose 4*p - 7 = 5*t, -p = 2*p + t - 10. Let m = -1 + 5. What is the remainder when m is divided by p?
1
Let t = -6 - -11. Let f(q) = q**3 - 8*q**2 + 2*q + 5. Let s be f(8). Suppose 2*h = 2*x - h - s, 4*x - 2 = -2*h. Calculate the remainder when t is divided by x.
2
Let u(q) = 24*q - 1. Calculate the remainder when u(3) is divided by 18.
17
Let f(w) = -26*w + 1. Let o be f(-3). Suppose -b = -3*d + o, 0*d + 4*d - 107 = b. Calculate the remainder when 81 is divided by d.
25
Suppose -22 = -4*w + 42. Calculate the remainder when w is divided by 10.
6
Let h(q) = -q**2 + 11. Let m be h(0). Let j = m - 7. Suppose -3*p = 4*z - 16 - 2, 2*z - 16 = -5*p. Calculate the remainder when j is divided by p.
0
Let r(w) = -w**2 - 3*w - 2. Let t be r(-2). Let y(b) = -b**2 + b + 58. Calculate the remainder when y(t) is divided by 12.
10
Let k(d) = 2*d - 8. Let c = -51 - -82. Suppose c = 5*a - 14. Calculate the remainder when a is divided by k(6).
1
Let y(x) be the first derivative of -x**4/4 + x**3/3 + x**2/2 + 24*x + 7. What is the remainder when y(0) is divided by 9?
6
Let q = 12 + -36. Let p = -4 - q. What is the remainder when p is divided by ((-14)/(-8))/(1/4)?
6
Let v = 155 + -39. Calculate the remainder when v is divided by 40.
36
Let h(s) = s**2 + 9*s + 1. Let v be h(-8). Let f(j) = j + 5. Let t be f(v). Let c = 11 + t. What is the remainder when 33 is divided by c?
6
Let n(k) = 2*k - 8. What is the remainder when 53 is divided by n(8)?
5
Let k = -17 - -35. Calculate the remainder when k is divided by (6 - 1)*(-2 + 3).
3
Suppose -4 = 2*z - 0, 5*a - 2*z = 64. What is the remainder when 70 is divided by a?
10
Let o = 130 + -33. Calculate the remainder when o is divided by 17.
12
Suppose 0 = -5*o - 3*a + 16, -3*a + 8 + 2 = 2*o. Suppose -7*r + 75 = -o*r. Calculate the remainder when 42 is divided by r.
12
Let p = 9 - 0. Suppose -n = -0*n - p. Suppose 15*r - 18*r = -75. What is the remainder when r is divided by n?
7
Suppose 3*b - 5*b = 72. Let p = 58 + b. What is the remainder when 43 is divided by p?
21
Suppose 0 = -k - 4*k + 55. Calculate the remainder when 43 is divided by k.
10
Calculate the remainder when 26 is divided by ((-9)/2)/((-1)/2).
8
Let g(u) = -21 + 11*u**2 + 21 + u. What is the remainder when 19 is divided by g(-1)?
9
Suppose -5*h + 76 = 16. Suppose 110 = 11*c - 6*c. Suppose -3*v + 4*n - c + 179 = 0, -2*v + 86 = 2*n. Calculate the remainder when v is divided by h.
11
Suppose -3*u + 5*i = 12, 4*i - 11 = -3*u + 4*u. Suppose -2*g + 5*f + 51 = 0, g + u - 37 = -f. What is the remainder when g is divided by 18?
15
Suppose -4*k + 62 = -130. What is the remainder when k is divided by (-4)/6 + (-70)/(-15) + 6?
8
Let k(l) = -l**2 + 6*l + 10 - 2*l**2 - 1 + 4*l**2. Let s be k(-10). What is the remainder when 40 is divided by (0 + -4)/((-14)/s)?
12
Let m(t) = -t**2 - 6*t - 2. Let h be m(-4). Let p(r) = 9*r + 7. What is the remainder when p(h) is divided by 16?
13
Let g = 35 + 24. Calculate the remainder when g is divided by 20.
19
Suppose 177 = 3*o + 15. Let h = -23 + o. What is the remainder when h is divided by 17?
14
Suppose 2*g + 65 = 5*t - 2*t, 20 = t - g. Let j = -109 - -182. Calculate the remainder when j is divided by t.
23
Let n be (-1 - (-1 - 0))/1. Suppose 13*j = 8*j + 160. Suppose 4*b = 3*m - j + 7, -5*b + 25 = n. Calculate the remainder when 27 is divided by m.
12
Let d = -142 - -253. What is the remainder when d is divided by 38?
35
Suppose 3*t = -4*x + 6, t + 5*x = -0*t + 2. Let o = -41 + 29. What is the remainder when (1/3)/((-2)/o) is divided by t?
0
Let g = -19 - -24. Suppose g*a = 2*a + 33. Calculate the remainder when 30 is divided by a.
8
Calculate the remainder when (-12)/7*7*-5 is divided by 16.
12
Suppose 22*f - 21*f = 9. What is the remainder when 24 is divided by f?
6
Let k(o) = o + 0 + 0 - 1. Let p be k(1). What is the remainder when 52 is divided by 18 + p + 1 + -1?
16
Suppose -5*u + 836 = 171. Let i = -95 + u. Calculate the remainder when i is divided by (-10)/(-35) - (-178)/14.
12
Suppose -2*l + l + 19 = -4*u, -3*l + 29 = 2*u. Suppose -1 - l = -2*z. What is the remainder when 22 is divided by z?
4
Let r = 7 + -3. Suppose -s + 11 = -4*g, -r*g - 4*s + s = 31. What is the remainder when 1/g + 153/4 is divided by 13?
12
Suppose -4*c = -8, -3*z - 13 = 4*c - 60. Let q = 1 + 3. Calculate the remainder when z is divided by (-4)/(-16) + 27/q.
6
Suppose -4 = -f - 2*w - 7, 0 = 5*f + 5*w. Suppose -4*d + 22 = 3*o, -f*d + 10 + 0 = -o. Calculate the remainder when 9 is divided by d.
1
Suppose -12 - 3 = 5*v. Let j = v - -6. Suppose f + j*f = 36. What is the remainder when 16 is divided by f?
7
Let r(b) = -16 + 3 - 8*b + 2*b**2 + 7. What is the remainder when 53 is divided by r(6)?
17
Let n(i) = -i**2 + 12*i + 11. Calculate the remainder when n(9) is divided by 13.
12
Suppose -4*c - d - 4*d = -167, -5*c = -2*d - 217. What is the remainder when 254 is divided by c?
39
Suppose 3*p - 7 - 14 = 0. Let t = 67 - 40. Calculate the remainder when t is divided by p.
6
Suppose -w - 112 = -5*a, 2*a + 1 = 5*w + 32. Suppose -4*l - 2*d = -3*d - 9, 4 = -4*d. Suppose 0 = -x + l + 6. What is the remainder when a is divided by x?
7
Let c(k) = -2*k - 4. Let a(h) = 4*h + 8. Let q(g) = -2*a(g) - 5*c(g). Suppose 4*d + 0*d - 92 = 0. Calculate the remainder when d is divided by q(4).
11
Suppose 0 = -5*j - 5*v + 17 + 8, 3*v = 0. Calculate the remainder when 18 is divided by ((-3)/(-1))/(3/j).
3
Suppose 5 = -t - 4*r, -3*r - 48 = -2*t - 3. What is the remainder when 43 is divided by t?
13
Let o be (4*(-108)/(-8))/1. Suppose -o - 71 = -5*c. What is the remainder when 72 is divided by c?
22
Suppose 3*h +